*k**3 - 5*k**3 + 3*k**3 - 6*k - 13*k**2 + 8*k**2 + 5. Let w be s(6). Suppose w*o - 30 = 2*o. What is the remainder when o is divided by 4?
2
Suppose 0 = -13*m - 20 - 32. What is the remainder when m/((-15)/(-18)*6/(-60)) is divided by 25?
23
Let f(z) = -z**3 - 12*z**2 + 7*z - 27. What is the remainder when 915 is divided by f(-13)?
48
Suppose 6*s - 3*s - 24 = 0. Calculate the remainder when (-10)/(-6) - 1 - (-8145)/135 is divided by s.
5
Suppose 2*w = 2*m - 2, 5 = 2*m - 3. Suppose w - 11 = 2*r. What is the remainder when 5/((r - 0) + 5) is divided by 2?
1
Suppose g + 4*u = 27, 0 = 20*u - 22*u + 2. Calculate the remainder when 79 is divided by g.
10
Let x = 670 - 459. Calculate the remainder when x is divided by 74.
63
Suppose -2173 = -132*o + 91*o. What is the remainder when 253 is divided by o?
41
Let i = -9 - -13. Suppose -7*a = i*a - 1353. What is the remainder when a is divided by 18?
15
Let x(s) = s**3 - 6*s**2 + 9*s + 52. Calculate the remainder when x(7) is divided by 47.
23
Let a(g) = -g + 3. Let j be a(-9). Let b = 13 - j. Suppose b = -4*u + 17. Calculate the remainder when 13 is divided by u.
1
Suppose 0 = -5*d - 3*x + 230, -3*d = -4*d - 3*x + 34. What is the remainder when d is divided by 19?
11
Suppose 2*u + 20 = 7*u. Suppose -6*i = -u*i - 38. What is the remainder when i is divided by 10?
9
Let r = -39 - -44. Suppose r*n - 8*n = -39. Calculate the remainder when n is divided by 8.
5
Let h = -196 + 202. Suppose 2*c = c + 3. Let l = h - c. What is the remainder when 7 is divided by l?
1
Suppose 2*f - 2*u - 122 = 0, 6*u - 107 = -2*f + 5*u. Let j = -55 + 84. Calculate the remainder when f is divided by j.
27
Let j be -10*((-6)/8)/(18/12). What is the remainder when 3 + (-339)/(-15) + 2/j is divided by 15?
11
Let z = 23 - -89. Let f = 84 + z. Suppose i - f = -3*i. What is the remainder when i is divided by 13?
10
Let g(d) = -2*d - 8. Let q = 723 - 712. What is the remainder when q is divided by g(-7)?
5
Let k(x) = x**2 - 25*x + 74. Calculate the remainder when k(23) is divided by 21.
7
Suppose -l - 5*a = 12, -5*a = 4*l - a. Suppose 0 = -l*y - 0*y + 48. What is the remainder when 30 is divided by y?
14
Suppose 0 = -2*z - 30 + 254. Let q = z - 17. Calculate the remainder when -2 + 3/(3/q) is divided by 32.
29
Suppose 2*n - 2*i - 46 = 0, -4*n - 20 + 72 = 4*i. Let x(a) = -a**3 - 2*a**2 - 2*a - 6. Calculate the remainder when x(-4) is divided by n.
16
Let z be 13 - 1*(4 + -2). Suppose -5*f = -z*f + 186. Calculate the remainder when f is divided by 16.
15
Suppose 170 = 2*h + 60. Let f = -31 + h. What is the remainder when f is divided by 13?
11
Let i(v) = v**3 + 34*v**2 - 36*v - 2. Calculate the remainder when 76 is divided by i(-35).
10
Let g be (-1166)/(-10) - 12/20. Suppose -56 = -2*h - 0*h - 2*i, -5*i = 4*h - g. Suppose s = 2*s - h. What is the remainder when s is divided by 9?
6
Let j = 553 + -511. Calculate the remainder when 1048 is divided by j.
40
Let t(l) = l**2 - 5*l + 293. What is the remainder when t(0) is divided by 6?
5
Suppose -36*s + 37*s = 6. What is the remainder when 65 is divided by s?
5
Suppose 0 = -2*s + 3*i + 12, s + 3*i - 3 = -2*s. Suppose -s*o + 30 = -o. Let a = o - 9. Calculate the remainder when 22 is divided by a.
4
Let x(z) = -z + 15. Let c be ((-80)/(-12))/((-2)/(-3)). What is the remainder when 2/(1/(38/4)) is divided by x(c)?
4
Let d = -790 + -434. What is the remainder when 15 is divided by 2/7 - d/126?
5
Let q(w) = 166*w**2 - 27*w + 27. Calculate the remainder when q(1) is divided by 24.
22
Suppose 0 = 4*z + z - 550. What is the remainder when z is divided by 997/27 + 192/2592?
36
Let b = 19 + -14. Let v be ((-15)/3*10)/(-2). Let g = v - 16. What is the remainder when g is divided by b?
4
Let k = 3 + -1. Suppose 74*r - 92 = 56. What is the remainder when k is divided by r?
0
Let s(y) = -3*y - 6. Let j be (-54)/10 + 20/50. Let t be s(j). Let a(z) = -z**2 + 10*z + 8. Calculate the remainder when a(t) is divided by 6.
5
Calculate the remainder when 293 is divided by ((-286)/(-78))/((-2)/(-54)).
95
Let k(u) = u**2 - 3*u + 8. Suppose 60 = 14*p - 10. What is the remainder when k(5) is divided by p?
3
Let l(z) = -12*z**3 - 8*z**2 - 9*z - 3. Let u = -43 + 83. Suppose 2*d - u = -0*d. Calculate the remainder when l(-2) is divided by d.
19
Suppose 391 = -4*r + 5*y, -2*r = 4*y + 125 + 103. Let l = -69 - r. Calculate the remainder when l is divided by 19.
16
Let q be 159*(14/6 + -2). Let t = -43 + q. Calculate the remainder when t is divided by 7.
3
Let b = -8 - -12. Suppose 4*d + 4 = -2*w, -3*d - 2*d - 11 = b*w. What is the remainder when 15 is divided by 6*(d + (-1)/(-2))?
6
Suppose -50*k + 127 = -823. Let s be (-21)/(1 + -2) - -1. Calculate the remainder when k is divided by s/3*6/4.
8
Suppose 32 = 2*f - 4*r, 0*f - 5*f = -3*r - 94. What is the remainder when 134 is divided by f?
14
Calculate the remainder when 152 is divided by 7 + (-3396)/(-48) + 2/8.
74
Let n be -16*6/(-4) - 2. Suppose -4*o = -12, 2*w - 3*o - 9 = -2. Suppose w*g = 9*g - n. Calculate the remainder when g is divided by 12.
10
Suppose 2*w = 3*c + 64, 37 = w - 0*w + c. Let q = 38 - w. Suppose 3*s - 2 = -4*t, -q*t = 5*s - 4*s - 4. What is the remainder when t is divided by 1?
0
Let h be 0 - -4 - (25 + -60). Let c = h + -34. Suppose -40 = -5*r - 0*r. What is the remainder when r is divided by c?
3
Let i(f) be the first derivative of -f**4/4 + 16*f**3/3 + f**2 + 5. What is the remainder when i(16) is divided by 11?
10
Let m be 5 + 6*8/(-12). What is the remainder when 21 is divided by (m - -1) + (1 - -3)?
3
Suppose -k + 13 = m + k, -k = 2*m - 14. Let z = 9 - 9. Suppose -2 = 2*f - 4*q + 2, f - q = z. What is the remainder when m is divided by f?
1
Let v = -245 + 332. What is the remainder when v is divided by 15?
12
Suppose 5*b - 140 = 3*w, -5*b + w + 100 = 6*w. Suppose b*j = 23*j + 6. What is the remainder when 16 is divided by j?
1
Suppose -2*v + 334 = 3*i, -v + 4*i + i = -167. Calculate the remainder when 69 is divided by 68/(-374) - (v/(-11) - -1).
13
Suppose 0 = -4*l + 2*l + y + 140, 5*y - 197 = -3*l. Calculate the remainder when l is divided by 0 + 10*14/4.
34
Let b be 102/8 + (-1)/(-4). Suppose -4*a = 5*v - b, 4*a + 3*v - 9 = a. Suppose 17 = 2*d + 9. What is the remainder when d is divided by a?
0
Let q = 223 - 116. Calculate the remainder when q is divided by 53.
1
Suppose 5*t - 8*t = 5*v - 463, -5*v + 3*t + 457 = 0. Calculate the remainder when 549 is divided by v.
89
Calculate the remainder when 63 is divided by (-310)/(-7) + 7 - 2/7.
12
Let i(n) be the second derivative of n**3/3 - 3*n**2 + 49*n + 1. Suppose -2*o = 3*o - 25. What is the remainder when i(o) is divided by 3?
1
Suppose -4*c + 6 = -6, 0 = i + 4*c - 38. Let d(u) = u**3 + 6*u**2 + 8*u + 11. Calculate the remainder when i is divided by d(-3).
12
Let c(w) = 4*w + 66. What is the remainder when 51 is divided by c(-6)?
9
Suppose -v = 5*b + 4*v - 95, 5*b - v = 119. Let g = 44 - b. What is the remainder when g is divided by 14?
7
Suppose 0 = 4*u - u. Suppose -2*m - 3*m + 60 = u. Calculate the remainder when 18 is divided by (5/2)/(6/m).
3
Let p = 10 + -40. Let t = p - -37. Calculate the remainder when 12 is divided by t.
5
Let n = -55 + 78. Suppose -142 = 25*o - 492. What is the remainder when n is divided by o?
9
Suppose 15*u = 167 - 2. What is the remainder when 17 is divided by u?
6
Suppose 5*t - 3*d = 180, -t = 2*d - 3*d - 34. What is the remainder when ((-5432)/(-42))/(4/6) is divided by t?
38
Let u = -37 + 211. What is the remainder when (-1)/((1 + -4)/u) is divided by 15?
13
Let a(c) = c + 41. What is the remainder when 100 is divided by a(-13)?
16
Suppose 0 = 533*i - 550*i + 3553. Calculate the remainder when i is divided by 59.
32
Let v(r) = 2*r + 4. Let j be v(3). Let m(t) = 3*t - 3. Let b be m(2). Let u = j + b. Calculate the remainder when 25 is divided by u.
12
Suppose -1829 = -10*d + 321. What is the remainder when d is divided by 8?
7
Suppose 0 = 24*o - 0*o - 1968. What is the remainder when o is divided by 45?
37
Let y = -1869 - -1988. Calculate the remainder when y is divided by 6.
5
Suppose 5*l = -7*q + 2*q, -5*q = -4*l - 27. Suppose r - 92 = -3*r + 4*v, -q*r - 3*v = -81. Calculate the remainder when r is divided by (-41)/(-3) + (-32)/48.
12
Let q = 17 + -15. Suppose 